3808 and z?
17
Suppose 4*w = 3*z + 138, 0 = -7*w + 4*w + 2*z + 103. Calculate the greatest common divisor of 264 and w.
33
Let r = 4 - -36. Suppose n + 3*i - 13 = -4*n, 5*n - 15 = -5*i. Suppose n*v = r - 20. Calculate the highest common divisor of 20 and v.
10
Let l(r) = r**2 - 112*r + 1041. Let h be l(103). Calculate the highest common factor of 304 and h.
38
Suppose 89*z - 7965 - 4851 = 0. What is the highest common factor of 624 and z?
48
Let z(t) = -t**3 + 3*t**2 + 99*t + 15. Let i be z(-9). Let m be 1*-18*(1 - 3). Calculate the highest common divisor of i and m.
12
Let j = 28 - 13. Let m be ((-8)/(-3))/(5/j*-1). Let t = m - -44. Calculate the greatest common factor of 18 and t.
18
Let t = 326 + -221. Suppose 0*k = -2*k - 5*i + t, 5*i + 60 = k. Let a be (0 + 8/20)*k. Calculate the greatest common factor of a and 44.
22
Let w(p) = -p**3 - 49*p**2 - 444*p + 123. Let k be w(-37). Calculate the greatest common divisor of 1230 and k.
123
Let c(r) = 24*r + 198. Let n be c(-10). Let h = 24 - n. What is the greatest common divisor of 429 and h?
33
Suppose -14 = -2*q, 7 = -5*h - 3*q + 1453. What is the greatest common factor of h and 6?
3
Let r(n) be the first derivative of 6*n + 2/3*n**3 - 21 + 9/2*n**2. Let q be r(-6). Calculate the greatest common divisor of 6 and q.
6
Let b(c) = 2*c**3 + 3*c**2 - 11*c + 4. Let d = -404 - -401. Let t be b(d). Suppose -3*m = m - 400. What is the highest common divisor of m and t?
10
Let o(b) = 139*b - 46. Let t be o(10). Suppose -6*w = w - t. Let y(g) = g**3 - 5*g**2 - 3*g + 6. Let a be y(6). Calculate the highest common divisor of w and a.
24
Let v(x) = -x**2 + 19*x + 2. Let o be v(11). Suppose 0 = z - 100 + o. What is the greatest common divisor of z and 55?
5
Suppose 105*i - 1498 = 602. Calculate the highest common factor of i and 45.
5
Suppose -5*h + 672 = 5*b - 208, h - 212 = 5*b. Calculate the highest common divisor of h and 5551.
91
Let r(k) = -758*k - 11124. Let v be r(-18). What is the greatest common divisor of 380 and v?
20
Let f be (-12770)/(-30) + (-8)/12. Suppose 33 = -14*a + f. What is the highest common divisor of a and 35?
7
Let f = 213 + -238. Let w be (-242)/(-10) - f/(-125). Calculate the greatest common factor of 84 and w.
12
Let u(s) = 22*s**2 + 14*s - 13. Let n be u(1). Suppose 4*x + 1656 = 13*x. What is the greatest common factor of n and x?
23
Suppose 5*n - 1511 = -3*s, -s - 8*n + 6*n + 504 = 0. Let t = s + -448. Calculate the greatest common factor of 9 and t.
9
Let l be -1 - -8 - (-7 - -2 - 0). What is the highest common factor of l and 12?
12
Let h(b) = -b**2 - b + 26. Let v(d) = -d - 1. Let i(g) = h(g) - v(g). Let z be i(-5). Let u = 12 + 6. Calculate the highest common divisor of z and u.
2
Suppose -450*t + 217*t + 630 = -226*t. Let y be 2/6 - 1282/(-6). Let p be y/6 - 1/(-3). Calculate the greatest common factor of t and p.
18
Suppose 0 = -19*z - 106 + 382 + 788. What is the highest common divisor of 350 and z?
14
Let a(v) = 0*v - 27 + 259 + 19 + 20*v + 22. Let s be a(-13). Calculate the greatest common factor of s and 221.
13
Let p = -3111 + 3117. Calculate the greatest common factor of 543 and p.
3
Let x(n) = 11*n**3 + 3*n**2 - 2. Let o be x(2). Let w be ((-42)/4)/(-3)*(17 + -7). Suppose -4*v + w = -21. Calculate the greatest common factor of v and o.
14
Let y(h) = h**3 - 17*h**2 + 15*h + 19. Let l be y(16). Suppose -3*d + 3 = 0, -m - 5*d = -l*m + 139. Calculate the greatest common factor of m and 16.
8
Let z = 3640 + 3423. Let y be (-1)/7 - z/(-49). Calculate the greatest common divisor of 9 and y.
9
Suppose -m + 2*a + 80 = 0, 146*a = 3*m + 147*a - 275. What is the highest common factor of 225 and m?
45
Suppose 3277 - 1655 = 82*i - 3708. What is the highest common factor of i and 2223?
13
Suppose 3*k + 918 = 3*b, 189 + 114 = b + 2*k. Suppose 17*i - 460 = b. What is the highest common divisor of i and 60?
15
Let q be 909 + -42 + (2 - -9) + -3. Calculate the greatest common factor of q and 125.
125
Let r be (-51960)/(-105) - -3 - 11/((-154)/(-12)). Calculate the greatest common factor of 5183 and r.
71
Suppose -463*z + c - 60 = -464*z, 0 = 4*z - 4*c - 176. Suppose 5*u - 445 = 10. What is the greatest common divisor of u and z?
13
Let l(o) = o**3 + 15*o**2 - 5*o - 32. Let p be l(-15). Suppose 8*m - b + 5 = 9*m, 3*m - 4*b - p = 0. What is the greatest common factor of 243 and m?
9
Let u = 7904 - -5700. Calculate the greatest common divisor of 76 and u.
76
Suppose 0 = x - 4*i - 226, 5*x + 5*i - 948 - 157 = 0. Suppose -h - 5*g = -5*h + x, -52 = -h + 3*g. What is the greatest common factor of h and 116?
58
Let m(u) = -4*u**3 - 14*u**2 - 64*u - 549. Let r be m(-10). What is the greatest common divisor of 92 and r?
23
Let d = 5833 + 3183. What is the highest common divisor of d and 368?
184
Suppose 8*g - 989 - 67 = 0. Let c be (1 - 6) + g*(-6)/(-18). What is the highest common factor of c and 65?
13
Let p(b) = -62*b + 8733. Let y be p(32). Calculate the greatest common divisor of 34 and y.
17
Let v(l) be the first derivative of 10*l**3/3 + 3*l**2 - 13*l - 36. Let m be v(6). Suppose -5*y + 247 = -m. What is the greatest common divisor of y and 18?
18
Let h(g) = -g**3 + 64*g**2 + 3. Let p be h(64). Let d(x) = 4*x + 1. Let o be d(3). What is the highest common divisor of o and p?
1
Let z(w) = 20 - 16*w**2 + 2*w**3 + 32*w**2 + 10*w + 9*w**2. Let v be z(-12). Calculate the highest common divisor of 11 and v.
11
Let s(t) = 35*t - 2790. Let b be s(108). Calculate the greatest common factor of b and 1430.
110
Suppose 0 = -10*o + 36*o - 208. Suppose -658 = -o*b - 122. Calculate the greatest common divisor of b and 1.
1
Let c be (-8 + 112/(-7))*2/(-8). Let b be 2*(25 + (-36)/c). Calculate the highest common divisor of b and 114.
38
Let p be (-36)/162 + 2398/18. Suppose -x = 18*x - p. What is the highest common divisor of 35 and x?
7
Suppose 2*d - 3*d = 37. Let l = -27 - d. Let j be 10/55 + (-878)/(-11). Calculate the greatest common factor of j and l.
10
Let z(w) = -3*w**2 - 4*w + 5. Let j be z(-4). Let d be j*7/(63/(-6)). Let g be (-8 + (-208)/(-24))*9. What is the highest common divisor of g and d?
6
Let r(i) = -2*i**3 + 2*i**2 + 23*i + 2. Let g be r(-6). Let j = g - 305. Calculate the highest common divisor of j and 168.
21
Let b = -19859 + 20531. Calculate the highest common divisor of b and 280.
56
Let m(q) be the third derivative of q**4/12 - 11*q**3/3 - 13*q**2. Let k be m(14). Suppose s = k*s - 480. What is the highest common factor of 24 and s?
24
Let t be 162/41 - (-234)/4797. Let s(m) = 74*m + 2. Let u be s(1). Calculate the highest common factor of t and u.
4
Suppose 45*a - 469 = 635 - 114. Suppose 28 = 4*n - 3*j, 0 = -2*n - 3*j - 2 - 2. Calculate the highest common factor of a and n.
2
Suppose -2*x - 2*y - 148 = 0, 4*y = 3*x + y + 240. Let h be (-6 - 1)*(-858)/x. Let j = -41 - h. What is the greatest common divisor of j and 74?
37
Let y = 88 + -33. Suppose 9*n - 2085 = -447. Let x = 193 - n. What is the greatest common divisor of x and y?
11
Suppose 2*a - 30 = -o, 30 = o - 4*a - a. Let x be (2/(-3) - o/(-18))*2. Suppose 5*q - 77 = -x*q. Calculate the greatest common divisor of q and 33.
11
Let d = 167287 + -167170. Suppose -5*v = -2031 + 471. What is the highest common factor of v and d?
39
Let b(w) = -w**3 - 23*w**2 + 7*w + 99. Let v be b(-22). Let d = -536 - v. Calculate the greatest common divisor of d and 9.
3
Let r = -69017 - -69082. Let j = 2 - -1. Suppose -j*w = -2*w - 26. Calculate the greatest common divisor of w and r.
13
Let n(a) = a**2 + 58*a + 18. Let u be n(-62). What is the highest common divisor of 646 and u?
38
Let a be ((-3)/(-6))/(1/(-504))*(-2)/3. What is the highest common factor of 66 and a?
6
Let h(i) = 2*i**2 - 19*i - 31. Let l be h(17). Suppose -5*f + 4*j + l = 0, 2*f + 3*j = 15 + 93. What is the highest common factor of f and 64?
16
Let q(r) = -2*r + 7. Let f be q(4). Let d be (-723)/6 + f/(-4)*-2. Let l = d + 193. Calculate the greatest common factor of 9 and l.
9
Let w be (-25)/(4 + 1) - ((-42)/6 + -10756). Calculate the highest common factor of 66 and w.
66
Suppose 67*h - 66*h = 4*u + 215, 7*h - 5*u = 1666. Calculate the greatest common divisor of 9153 and h.
81
Let y be -24 + 830672/28 + 2/14. Calculate the highest common divisor of 123 and y.
123
Sup